861 - t. Suppose -4*g = -2*g - r. Is g prime?
True
Let j(q) = -q**2 - 14*q + 23. Let f be j(-15). Let c(h) = 165*h + 25. Is c(f) composite?
True
Is 54427/((2/5)/((-112)/(-280))) composite?
True
Let y = -114 - -779. Suppose 4*u - y = -u. Is u prime?
False
Suppose -85297 = -5*x + 2*t, -x + 8748 + 8315 = -4*t. Is x a composite number?
True
Let h(c) = -c**3 + 3*c**2 - 4*c + 1. Let k = -2 + 5. Let o be h(k). Is o + 330 - (2 - 0) prime?
True
Let n(u) be the second derivative of u**3/6 + 2*u**2 - u. Let j be n(-4). Is (-1 + 63)/(j + 2) prime?
True
Suppose -4*p - j = -4*j, -3*p + 4*j = 0. Let n = 2 - p. Suppose 0 = -2*m + 5*w + 447, -5*m + 1126 = -2*w - n*w. Is m composite?
True
Suppose 16*m - 19*m + 42 = 0. Suppose -m*s + 121 + 957 = 0. Is s prime?
False
Let d(n) = 13*n**3 - 3*n**2 - 5*n - 29. Is d(12) prime?
True
Suppose -14*a + 27212 = -10*a. Is a a prime number?
True
Suppose 2*q = 4*j + 7*q - 11577, 2*j - 5*q - 5781 = 0. Is j prime?
False
Suppose 4*b = -3*h + 146 + 90, 4*b + 144 = 2*h. Let s be 1 + (-4)/8 - (-175)/14. Let g = h + s. Is g prime?
True
Suppose 22*f - 1298960 = -54618. Is f a prime number?
False
Let b(o) = -o**3 - 16*o**2 - 23*o - 117. Is b(-16) a composite number?
False
Is (-135)/360 - (-74699)/8 composite?
False
Suppose 0 = -a - b + 26778, -74126 = -4*a - 5*b + 32987. Is a a prime number?
True
Suppose 9*x = 4*x + 20. Suppose p - 18 = x*p. Is (-198)/(-8) + p/(-24) a composite number?
True
Let r = -13 - -9. Let j be 0/(3 + 3 + r). Suppose 5*k = 3*l - 65, -3*k = 2*l - j*k - 18. Is l a composite number?
True
Let k(p) = 845*p**3 + 3*p**2 - 3*p + 1. Let f be k(1). Let o = f + -439. Is o composite?
True
Suppose 4*h + o + 36 = 0, -o = -3*h + o - 16. Let g = 11 + h. Suppose -g*b + a + 164 = 2*a, 271 = 5*b + 4*a. Is b prime?
False
Suppose -5*l + 113856 = 3*s + 43138, 0 = -s + 1. Is l a prime number?
True
Let f(z) be the second derivative of -z**3/6 + z. Let v be f(0). Is (2 + 1 - v) + 128 composite?
False
Suppose 4*g - 7 = 9. Suppose -g*k - 59 + 467 = 0. Suppose -3*i + k = -i. Is i a prime number?
False
Let f = 12560 + 26433. Is f a composite number?
False
Suppose -d + 6 = 2. Let p(m) = 1 + 0*m + 8*m + 27*m + 4*m. Is p(d) a composite number?
False
Let q be 3/(45/42)*760. Suppose 3*b = -b - q. Let d = -269 - b. Is d a composite number?
False
Suppose -2*s - 2*s + 3*l = -88, 0 = 4*s + 3*l - 112. Suppose -22*x - 21 = -s*x. Suppose 0 = -5*m + 20, -5*k + x*m + 159 = 3*m. Is k a prime number?
False
Let w(l) = l**3 + 7*l**2 - 2*l - 10. Let p be w(-7). Suppose 14163 + 52957 = -p*a. Is a/(-50) - (-3)/(-5) a prime number?
False
Suppose 5*p - 4500 = -5*p. Suppose -5484 = -6*j - p. Is j prime?
True
Let g(y) = 3*y**2 - 1. Let p be g(-1). Suppose -3*j - w + 15 = j, p*j = w + 3. Is 14/(j - 5)*-3 a composite number?
True
Suppose 4*d - 24 = d. Suppose d*j - 290 = 3*j. Is j a prime number?
False
Suppose 3*w - 2*t - 295 = -1281, -4*w - 1308 = -4*t. Let m = 487 + w. Is m a composite number?
True
Suppose -4*m + 6*m = 1352. Let b = m + 1125. Is b a composite number?
False
Suppose 2*v - 898 = 5*x - 228, -4*v + 4*x + 1328 = 0. Suppose -k + 34 + v = 0. Is 1/(((-8)/k)/(-2)) prime?
False
Let r = 40 - 31. Let m(n) = n**2 - 11*n + 20. Let z be m(r). Suppose 1333 = z*k + 359. Is k composite?
False
Let t(m) = -2*m + 1. Let v = 3 - 0. Let o be t(v). Let s(i) = 8*i**2 + 9*i + 8. Is s(o) a prime number?
True
Suppose 3*y - 3843 = -v + y, -19180 = -5*v - 3*y. Is v a composite number?
False
Suppose -m + 6725 + 17438 = 0. Is m a composite number?
True
Suppose 7 - 27 = 4*x, b + x = -4. Suppose -b = -5*p - 6. Is (3 + 4)/(p/(-53)) a composite number?
True
Is (-2)/6 - (-38)/(-285)*-123295 composite?
True
Suppose 3*o = -0*o - 5*b + 22123, -5*o - 4*b = -36863. Suppose 3*c + o = 3*k, 4*k - 3*c - 4206 = 5618. Is k composite?
True
Let h be (-6)/(-21) - (-46)/(-14). Let k be (2 - (-2 - h)) + 868. Suppose 3*m + 770 = 4*t, -4*t - 2*m - 109 = -k. Is t a composite number?
False
Let n be (-3765)/(-6)*(-12)/(-15). Suppose 0 = -6*t - 28 + n. Is t composite?
False
Let n = -6 - -8. Suppose 0 = -3*c + 4 + n. Is c/(-8) + 426/8 a composite number?
False
Suppose 4*p + 24 = -24. Let s be (8/p)/(2/3). Is 180/((-3)/s) + -3 a prime number?
False
Suppose -2*t - 120023 = -21*t. Is t prime?
True
Suppose -30*w - 2108 - 3292 = 0. Let v = 80 - 142. Let h = v - w. Is h a composite number?
True
Suppose -3*x + 5 = -5*m, -5*x + 0*m = -3*m - 3. Suppose 0 = -p - x*p - 2*a + 21, 4*p - 73 = 3*a. Is p prime?
True
Suppose 4*l - 5*r + 1 = 0, 0 = -l - 2*r - 0*r + 3. Is (l/2)/(5/(-10)) - -968 composite?
False
Let v(h) = -5*h**3 - 7*h**2 + 6*h - 5. Is v(-6) composite?
False
Suppose -9*v + 2*v + 2296 = 0. Let h = v - -3783. Is h a composite number?
False
Let o(u) = -2920*u - 467. Is o(-10) composite?
True
Let z = 54092 + -34777. Is z a prime number?
False
Let o(f) = -f + 5. Let j be o(2). Suppose -3*v + 3*t = 2*v - 15, -v + j = -3*t. Is (-8)/12*-1*v composite?
False
Let g(s) = 2*s**2 + 24*s + 3. Is g(34) a prime number?
False
Let v(k) = k**3 + 13*k**2 - 15*k - 11. Let h be v(-14). Is 41652/27 - (-1)/h prime?
True
Suppose 4*w - 381 = -g, 1886 = 5*g + 6*w - 5*w. Is g composite?
True
Suppose 5*d - 4 = 2*g + 15, 0 = -d + 3*g - 4. Is (-4462)/(-6) + d + (-1)/(-3) composite?
True
Suppose -7*y + 0*y = 5873. Let v = y + 1426. Is v prime?
True
Let t(o) = -4521*o + 128. Is t(-5) a composite number?
True
Let f(d) = 28*d**3 + 2*d - 2. Let o = -10 + 12. Let r be f(o). Let a = r - 99. Is a a prime number?
True
Is 2*(3*645/2 + 2) a prime number?
False
Suppose -366*g = -376*g + 644450. Is g prime?
False
Suppose -108*v = -7*v - 276841. Is v prime?
True
Suppose -121 - 391 = -4*r. Suppose u - r = 5*u. Let f = u + 85. Is f a composite number?
False
Let p(n) = -81*n - 30. Let q be p(12). Let x = -607 - q. Is x a prime number?
False
Suppose 0 = b - 2*d + 5*d - 14, -14 = -b + d. Let l be (-4)/(-14) - (-38)/b. Suppose l*z - 152 = -g, -2*z + 50 = g - 53. Is z a composite number?
True
Let q(z) = -18*z - 1. Let j be (-22)/6 + 2/3. Is q(j) a composite number?
False
Let h = -90950 + 166239. Is h prime?
True
Suppose 2*z = -3*p + 2*p + 52, 0 = -p - z + 49. Let d = -9 + p. Is d a composite number?
False
Let j(t) = t**2 + t + 3. Let k be j(-2). Let o(a) = 35*a - 14. Is o(k) prime?
False
Let i(t) = t + 13. Let c be i(-6). Let a(h) = -94*h + 6. Let g be a(c). Is (g/(-6))/((-22)/(-33)) composite?
False
Let b = 39273 + -13576. Is b composite?
True
Is (11 + -4)/((2/641)/2) composite?
True
Let o(y) = 3*y**2 + 3*y**2 + 1 + y**3 + 6. Let g = 51 - 57. Is o(g) a prime number?
True
Suppose 4*t - 6 = y + 13, -y + 1 = t. Let m(w) = -14*w**3 + 5*w**2 + 4*w + 4. Is m(y) a prime number?
False
Let w be 1225/4 + -1 - 1/4. Let k = w - 128. Is k a prime number?
False
Suppose -12 + 48 = -3*s. Let n be 2 + (-3 - s/(-2)). Let i(p) = -15*p - 16. Is i(n) prime?
True
Suppose 122 = -3*t + 107, -5*t + 19094 = 3*h. Is h prime?
True
Let u be (-9)/((-225)/940)*(0 - -5). Suppose -3*x + 423 = 3*t, t + 47 = -4*x + u. Is t a prime number?
False
Suppose -3*v + 8*v = 1010. Suppose -4*b + v + 490 = 0. Let c = b + 144. Is c composite?
False
Suppose 7875 + 3165 = 3*u. Suppose -4*k - 2*c = -u, -6*k + 4607 = -k - c. Is k prime?
False
Suppose -80*w = -82*w + 5158. Is w prime?
True
Suppose -j = 5*j. Suppose j = -12*t + 9*t + 669. Is t composite?
False
Suppose -a + 6*a - b - 34 = 0, 3*b + 18 = a. Suppose -f + 30 = n, 20 = 2*n - a*n. Is f a composite number?
True
Let o(p) = 5*p**2 + 2*p - 9. Let n(y) = -3*y**2 + 4*y - 1. Let g be n(2). Let b be o(g). Suppose 5*i + b = 591. Is i a prime number?
True
Suppose -5*w + 26 = -3*j, -3*w + 22 = -4*j - j. Suppose -5*s - 4 = -3*s. Is (s + w)/(2/139) prime?
True
Is 0 + (1/(-5))/(17/(-515695)) a prime number?
True
Suppose 5*u = m + 74546 + 122974, -2*u - 3*m = -79025. Is u composite?
True
Let y(g) = 5*g + 5. Let k be y(4). Suppose 2*u = k + 719. Suppose -3*z + u = -117. Is z composite?
False
Let u(x) = -12 + 3 + 7*x**2 + x + 6*x + x**3. Let h be u(7). Let v = h - 419. Is v a prime number?
True
Suppose 3*z + 2*u = 50097, -50106 = 7*z - 10*z - 5*u. Is z composite?
True
Is (6/14 + (-36)/(-210))*2705 composite?
True
Suppose -12681 = -9*d + 1386. Is d a prime number?
False
Suppose -4*n + 790 = 3*f, 4*n + f = 483 + 311. Is n a prime number?
True
Let y be ((-24)/(4 + -8)